59?
9
What is the hundreds digit of 2293124?
1
What is the units digit of 1585362?
2
What is the ten thousands digit of 149818?
4
What is the hundreds digit of 857639?
6
What is the units digit of 1559089?
9
What is the units digit of 1767?
7
What is the tens digit of 234942?
4
What is the ten thousands digit of 5195905?
9
What is the thousands digit of 554912?
4
What is the units digit of 1456868?
8
What is the hundreds digit of 174684?
6
What is the hundred thousands digit of 3653348?
6
What is the units digit of 135433?
3
What is the tens digit of 2071852?
5
What is the hundreds digit of 10888364?
3
What is the ten thousands digit of 341616?
4
What is the hundreds digit of 928908?
9
What is the units digit of 3952259?
9
What is the tens digit of 8115058?
5
What is the ten thousands digit of 2857644?
5
What is the ten thousands digit of 654258?
5
What is the thousands digit of 331070?
1
What is the hundred thousands digit of 110509?
1
What is the thousands digit of 3628766?
8
What is the thousands digit of 3870463?
0
What is the hundred thousands digit of 408449?
4
What is the tens digit of 6744926?
2
What is the thousands digit of 244077?
4
What is the ten thousands digit of 179390?
7
What is the units digit of 1273060?
0
What is the ten thousands digit of 291937?
9
What is the tens digit of 2824?
2
What is the units digit of 314490?
0
What is the tens digit of 8470212?
1
What is the thousands digit of 8593135?
3
What is the tens digit of 12086854?
5
What is the thousands digit of 3325418?
5
What is the thousands digit of 65619?
5
What is the hundred thousands digit of 288086?
2
What is the ten thousands digit of 6932161?
3
What is the hundreds digit of 77940?
9
What is the units digit of 16709771?
1
What is the hundred thousands digit of 2418130?
4
What is the millions digit of 21543565?
1
What is the tens digit of 821304?
0
What is the thousands digit of 4449674?
9
What is the thousands digit of 2524421?
4
What is the tens digit of 22660?
6
What is the hundreds digit of 1693452?
4
What is the hundreds digit of 15914637?
6
What is the ten thousands digit of 119813?
1
What is the units digit of 147764?
4
What is the thousands digit of 522062?
2
What is the thousands digit of 439068?
9
What is the tens digit of 438105?
0
What is the tens digit of 668286?
8
What is the thousands digit of 350563?
0
What is the units digit of 15270864?
4
What is the hundreds digit of 9025163?
1
What is the hundreds digit of 7617616?
6
What is the units digit of 3670740?
0
What is the ten thousands digit of 959012?
5
What is the hundreds digit of 1553569?
5
What is the ten thousands digit of 1772468?
7
What is the hundred thousands digit of 13061260?
0
What is the units digit of 2669260?
0
What is the ten thousands digit of 10104740?
0
What is the hundred thousands digit of 220835?
2
What is the hundreds digit of 521391?
3
What is the ten millions digit of 14550907?
1
What is the hundreds digit of 167431?
4
What is the thousands digit of 59199?
9
What is the ten thousands digit of 125843?
2
What is the ten millions digit of 22091998?
2
What is the hundreds digit of 9013278?
2
What is the ten thousands digit of 493018?
9
What is the hundred thousands digit of 186497?
1
What is the ten thousands digit of 194376?
9
What is the thousands digit of 4331784?
1
What is the tens digit of 8747797?
9
What is the ten thousands digit of 10441910?
4
What is the thousands digit of 985105?
5
What is the units digit of 1160303?
3
What is the tens digit of 105912?
1
What is the tens digit of 8240788?
8
What is the thousands digit of 207029?
7
What is the ten millions digit of 18664573?
1
What is the hundreds digit of 531701?
7
What is the ten millions digit of 15933207?
1
What is the ten thousands digit of 6142369?
4
What is the tens digit of 4509222?
2
What is the hundreds digit of 51993?
9
What is the hundreds digit of 616092?
0
What is the hundred thousands digit of 1917358?
9
What is the hundreds digit of 631387?
3
What is the hundreds digit of 22033?
0
What is the ten thousands digit of 1754926?
5
What is the hundreds digit of 11854680?
6
What is the units digit of 4710188?
8
What is the hundred thousands digit of 4577779?
5
What is the ten thousands digit of 3608226?
0
What is the hundreds digit of 1042302?
3
What is the units digit of 250750?
0
What is the tens digit of 11962723?
2
What is the thousands digit of 9464314?
4
What is the ten millions digit of 10977563?
1
What is the millions digit of 3962786?
3
What is the units digit of 528334?
4
What is the units digit of 20636053?
3
What is the hundred thousands digit of 9644022?
6
What is the millions digit of 11647140?
1
What is the hundreds digit of 2191123?
1
What is the tens digit of 351894?
9
What is the millions digit of 1274429?
1
What is the tens digit of 9544431?
3
What is the thousands digit of 5476864?
6
What is the tens digit of 282450?
5
What is the thousands digit of 1473433?
3
What is the hundreds digit of 40012325?
3
What is the hundreds digit of 8242151?
1
What is the millions digit of 1341457?
1
What is the ten thousands digit of 9482148?
8
What is the thousands digit of 20615255?
5
What is the ten thousands digit of 196980?
9
What is the hundreds digit of 2726532?
5
What is the hundreds digit of 2957037?
0
What is the hundreds digit of 106271?
2
What is the hundreds digit of 95298?
2
What is the hundred thousands digit of 340270?
3
What is the ten thousands digit of 214256?
1
What is the hundred thousands digit of 5260897?
2
What is the units digit of 282457?
7
What is the units digit of 1487762?
2
What is the thousands digit of 396353?
6
What is the thousands digit of 5778343?
8
What is the thousands digit of 17891765?
1
What is the hundreds digit of 413694?
6
What is the thousands digit of 489872?
9
What is the units digit of 5427828?
8
What is the thousands digit of 4079711?
9
What is the hundred thousands digit of 579527?
5
What is the hundred thousands digit of 10206714?
2
What is the ten thousands digit of 511516?
1
What is the ten thousands digit of 1641310?
4
What is the ten thousands digit of 4232524?
3
What is the hundred thousands digit of 673532?
6
What is the hundreds digit of 5308723?
7
What is the units digit of 1016797?
7
What is the hundreds digit of 18318?
3
What is the hundreds digit of 4653464?
4
What is the thousands digit of 9489423?
9
What is the thousands digit of 326062?
6
What is the units digit of 358077?
7
What is the hundred thousands digit of 207724?
2
What is the hundred thousands digit of 19765985?
7
What is the units digit of 9451758?
8
What is the hundred thousands digit of 1861335?
8
What is the thousands digit of 1421937?
1
What is the hundreds digit of 3488340?
3
What is the thousands digit of 169135?
9
What is the ten thousands digit of 77636?
7
What is the thousands digit of 9250909?
0
What is the thousands digit of 69653?
9
What is the hundreds digit of 12093842?
8
What is the units digit of 2045722?
2
What is the ten thousands digit of 533444?
3
What is the thousands digit of 201176?
1
What is the units digit of 2772457?
7
What is the hundred thousands digit of 1693422?
6
What is the tens digit of 26004?
0
What is the thousands digit of 1117011?
7
What is the hundreds digit of 142064?
0
What is the thousands digit of 233012?
3
What is the hundred thousands digit of 1302356?
3
What is the thousands digit of 19822942?
2
What is the ten thousands digit of 467923?
6
What is the units digit of 449669?
9
What is the thousands digit of 501492?
1
What is the thousands digit of 365890?
5
What is the thousands digit of 7159743?
9
What is the hundred thousands digit of 23840007?
8
What is the ten thousands digit of 2021957?
2
What is the millions digit of 2553639?
2
What is the tens digit of 10491896?
9
What is the hundred thousands digit of 257524?
2
What is the ten thousands digit of 56620?
5
What is the thousands digit of 10098374?
8
What is the units digit of 267313?
3
What is the units digit of 325041?
1
What is the ten thousands digit of 28351125?
5
What is the tens digit of 561676?
7
What is the thousands digit of 1265425?
5
What is the ten thousands digit of 2086736?
8
What is the units digit of 3790112?
2
What is the ten millions digit of 12890411?
1
What is t